{"id":9952,"date":"2026-03-02T10:22:43","date_gmt":"2026-03-02T10:22:43","guid":{"rendered":"https:\/\/ww2.sanatlarandevu.com\/?post_type=tour&#038;p=9952"},"modified":"2026-03-02T10:25:13","modified_gmt":"2026-03-02T10:25:13","slug":"marcus-graf-ile-venedik-bienali-8-11-ekim-2026","status":"publish","type":"tour","link":"https:\/\/www.sanatlarandevu.com\/?tour=marcus-graf-ile-venedik-bienali-8-11-ekim-2026","title":{"rendered":"Marcus Graf ile Venedik Bienali (8-11 Ekim 2026)"},"content":{"rendered":"<p class=\"p1\"><span class=\"s1\">\ud83c\udf9f\ufe0f <\/span><span class=\"s2\">Venedik\u2019te benzersiz bir sanat yolculu\u011fu!<\/span><\/p>\n<p class=\"p1\"><span class=\"s1\">Her iki y\u0131lda bir d\u00fczenlenen <\/span><span class=\"s3\">Venedik Bienali<\/span><span class=\"s1\">, sanat\u0131n gelece\u011fini \u015fekillendiren eserleriyle t\u00fcm d\u00fcnyadan sanatseverleri bulu\u015fturuyor.<\/span><\/p>\n<p class=\"p1\"><span class=\"s1\">8-11 Ekim 2026\u2019da Prof. Dr. Marcus Graf ile ger\u00e7ekle\u015fecek \u00f6zel program\u0131m\u0131zda, \u201cIn Minor Keys \u2013 H\u00fcz\u00fcnl\u00fc T\u0131n\u0131larda\u201d temas\u0131yla bienali derinlemesine ke\u015ffedin ve sanat\u0131n hem estetik hem duygusal katmanlar\u0131n\u0131 yerinde deneyimleyin.<\/span><\/p>\n","protected":false},"excerpt":{"rendered":"<p>\ud83c\udf9f\ufe0f Venedik\u2019te benzersiz bir sanat yolculu\u011fu! Her iki y\u0131lda bir d\u00fczenlenen Venedik Bienali, sanat\u0131n gelece\u011fini \u015fekillendiren eserleriyle t\u00fcm d\u00fcnyadan sanatseverleri bulu\u015fturuyor. 8-11 Ekim 2026\u2019da Prof. Dr. Marcus Graf ile ger\u00e7ekle\u015fecek \u00f6zel program\u0131m\u0131zda, \u201cIn Minor Keys \u2013 H\u00fcz\u00fcnl\u00fc T\u0131n\u0131larda\u201d temas\u0131yla bienali derinlemesine ke\u015ffedin ve sanat\u0131n hem estetik hem duygusal katmanlar\u0131n\u0131 yerinde deneyimleyin.<\/p>\n","protected":false},"author":4,"featured_media":8219,"template":"","meta":{"footnotes":""},"tour_category":[104],"tour_tag":[],"konum":[124],"class_list":["post-9952","tour","type-tour","status-publish","has-post-thumbnail","hentry","tour_category-bienal-gezileri","konum-yurt-disi"],"_links":{"self":[{"href":"https:\/\/www.sanatlarandevu.com\/index.php?rest_route=\/wp\/v2\/tour\/9952","targetHints":{"allow":["GET"]}}],"collection":[{"href":"https:\/\/www.sanatlarandevu.com\/index.php?rest_route=\/wp\/v2\/tour"}],"about":[{"href":"https:\/\/www.sanatlarandevu.com\/index.php?rest_route=\/wp\/v2\/types\/tour"}],"author":[{"embeddable":true,"href":"https:\/\/www.sanatlarandevu.com\/index.php?rest_route=\/wp\/v2\/users\/4"}],"version-history":[{"count":2,"href":"https:\/\/www.sanatlarandevu.com\/index.php?rest_route=\/wp\/v2\/tour\/9952\/revisions"}],"predecessor-version":[{"id":9958,"href":"https:\/\/www.sanatlarandevu.com\/index.php?rest_route=\/wp\/v2\/tour\/9952\/revisions\/9958"}],"wp:featuredmedia":[{"embeddable":true,"href":"https:\/\/www.sanatlarandevu.com\/index.php?rest_route=\/wp\/v2\/media\/8219"}],"wp:attachment":[{"href":"https:\/\/www.sanatlarandevu.com\/index.php?rest_route=%2Fwp%2Fv2%2Fmedia&parent=9952"}],"wp:term":[{"taxonomy":"tour_category","embeddable":true,"href":"https:\/\/www.sanatlarandevu.com\/index.php?rest_route=%2Fwp%2Fv2%2Ftour_category&post=9952"},{"taxonomy":"tour_tag","embeddable":true,"href":"https:\/\/www.sanatlarandevu.com\/index.php?rest_route=%2Fwp%2Fv2%2Ftour_tag&post=9952"},{"taxonomy":"konum","embeddable":true,"href":"https:\/\/www.sanatlarandevu.com\/index.php?rest_route=%2Fwp%2Fv2%2Fkonum&post=9952"}],"curies":[{"name":"wp","href":"https:\/\/api.w.org\/{rel}","templated":true}]}}

<p class="p1"><span class="s1">🎟️ </span><span class="s2">Venedik’te benzersiz bir sanat yolculuğu!</span></p>
<p class="p1"><span class="s1">Her iki yılda bir düzenlenen </span><span class="s3">Venedik Bienali</span><span class="s1">, sanatın geleceğini şekillendiren eserleriyle tüm dünyadan sanatseverleri buluşturuyor.</span></p>
<p class="p1"><span class="s1">8-11 Ekim 2026’da Prof. Dr. Marcus Graf ile gerçekleşecek özel programımızda, “In Minor Keys – Hüzünlü Tınılarda” temasıyla bienali derinlemesine keşfedin ve sanatın hem estetik hem duygusal katmanlarını yerinde deneyimleyin.</span></p>

<p>🎟️ Venedik’te benzersiz bir sanat yolculuğu! Her iki yılda bir düzenlenen Venedik Bienali, sanatın geleceğini şekillendiren eserleriyle tüm dünyadan sanatseverleri buluşturuyor. 8-11 Ekim 2026’da Prof. Dr. Marcus Graf ile gerçekleşecek özel programımızda, “In Minor Keys – Hüzünlü Tınılarda” temasıyla bienali derinlemesine keşfedin ve sanatın hem estetik hem duygusal katmanlarını yerinde deneyimleyin.</p>
